72 and 74919420?
36
What is the highest common divisor of 2922 and 318823803?
1461
What is the greatest common factor of 11313 and 1634938?
419
Calculate the greatest common divisor of 480902 and 709765.
2897
What is the highest common divisor of 1691 and 79121?
89
Calculate the highest common divisor of 108480 and 2146322.
226
Calculate the highest common divisor of 8542480 and 240.
80
What is the greatest common divisor of 25455408 and 11?
11
What is the highest common divisor of 2840 and 117474470?
710
What is the highest common factor of 28102860 and 1260?
180
Calculate the highest common factor of 4758 and 7445958.
78
What is the highest common divisor of 880671 and 2508?
33
What is the greatest common divisor of 198 and 171438?
6
Calculate the greatest common divisor of 11700 and 56340.
180
Calculate the greatest common factor of 4189 and 160560181.
4189
What is the greatest common factor of 32495 and 14421415?
335
What is the greatest common divisor of 581 and 95817773?
83
What is the greatest common divisor of 825210 and 72?
18
Calculate the greatest common factor of 189 and 9528183.
63
What is the highest common divisor of 111517901 and 869?
869
What is the highest common divisor of 108422091 and 21573?
1269
What is the greatest common factor of 5779490 and 714?
34
Calculate the greatest common factor of 232 and 30656190.
58
Calculate the greatest common divisor of 16694 and 32062.
34
Calculate the greatest common divisor of 38298 and 56316.
78
What is the greatest common factor of 185864 and 30044?
28
Calculate the greatest common factor of 2835780 and 29596.
604
What is the highest common divisor of 540735 and 72865?
3835
What is the highest common factor of 173802 and 667320?
498
What is the highest common factor of 9227936 and 68688?
848
What is the highest common divisor of 1616688 and 13184?
1648
What is the greatest common divisor of 15691 and 11928?
71
Calculate the greatest common factor of 453010 and 212710.
890
Calculate the greatest common divisor of 510024 and 236526.
474
What is the highest common divisor of 8633349 and 91103?
5359
Calculate the greatest common divisor of 20939864 and 58408.
1192
What is the greatest common factor of 88 and 580789?
11
Calculate the highest common divisor of 291599 and 21703.
11
What is the highest common divisor of 67500 and 531252?
108
Calculate the greatest common divisor of 52332 and 74284.
196
What is the highest common factor of 1363 and 44555107?
1363
Calculate the highest common divisor of 112 and 1427370.
14
What is the highest common divisor of 210041 and 80999?
107
What is the highest common factor of 3290183 and 95849?
949
What is the highest common divisor of 32770 and 4090740?
290
Calculate the greatest common divisor of 6600 and 256425.
75
What is the greatest common factor of 38471 and 4985097?
1241
Calculate the greatest common divisor of 12826848 and 22578.
318
What is the greatest common divisor of 215629 and 484112?
383
Calculate the greatest common divisor of 35466989 and 299.
23
Calculate the greatest common divisor of 433107 and 22464.
27
Calculate the greatest common factor of 335842 and 1976.
26
Calculate the highest common factor of 19249137 and 132462.
6021
What is the highest common factor of 6309026 and 38?
38
What is the greatest common divisor of 29508168 and 5112?
1704
What is the highest common divisor of 108 and 287120430?
54
What is the highest common factor of 1666148 and 437?
19
Calculate the highest common factor of 1108390214 and 254.
254
Calculate the greatest common divisor of 1424 and 4230704.
1424
Calculate the highest common factor of 552 and 241568931.
69
Calculate the greatest common factor of 79244289 and 698.
349
What is the highest common factor of 9 and 1009212?
3
Calculate the highest common divisor of 3811000 and 703.
37
Calculate the greatest common factor of 1551096 and 477.
9
What is the greatest common divisor of 2254 and 109920818?
2254
What is the greatest common factor of 401 and 52621626?
401
What is the greatest common factor of 3759 and 26622133?
179
What is the highest common divisor of 75337614 and 5896?
1474
What is the highest common divisor of 232815 and 2959863?
249
What is the greatest common divisor of 6 and 77124126?
6
What is the highest common divisor of 206346 and 255?
51
Calculate the greatest common factor of 4748 and 1202431.
1187
What is the highest common divisor of 1710 and 2188553?
19
What is the highest common factor of 198000 and 31848?
24
Calculate the highest common factor of 460586800 and 7929.
881
What is the highest common divisor of 432418872 and 456?
456
What is the highest common divisor of 385 and 3244465?
35
What is the greatest common divisor of 2036 and 15045022?
1018
Calculate the highest common divisor of 26410527 and 5148.
1287
Calculate the greatest common divisor of 19 and 94412083.
19
What is the highest common divisor of 32838 and 53586?
78
What is the greatest common factor of 9669392 and 13216?
944
What is the greatest common divisor of 207930 and 532014?
1434
What is the highest common divisor of 254 and 1086576694?
254
What is the highest common divisor of 7260 and 35380?
20
Calculate the greatest common divisor of 24360 and 4717440.
840
Calculate the greatest common factor of 907 and 317281298.
907
Calculate the highest common factor of 47822278 and 15820.
1582
What is the highest common divisor of 10 and 63176330?
10
Calculate the greatest common factor of 390 and 6621940.
130
What is the greatest common factor of 28 and 503415192?
28
What is the greatest common factor of 5453 and 674163?
287
What is the greatest common divisor of 1218288 and 16932?
204
Calculate the greatest common divisor of 3427 and 212221.
23
What is the greatest common factor of 31457813 and 513728?
8027
Calculate the greatest common factor of 4982754 and 5934.
258
What is the greatest common factor of 157216 and 5600?
32
What is the highest common factor of 8871395 and 65?
65
What is the greatest common divisor of 19602 and 1896372?
162
Calculate the greatest common factor of 63874 and 262690.
218
What is the greatest common factor of 909 and 813656?
101
Calculate the greatest common divisor of 1256 and 1353740664.
1256
Calculate the greatest common factor of 924 and 166292.
28
Calculate the greatest common factor of 8707621 and 2665.
533
Calculate the highest common divisor of 6507061 and 1892.
473
What is the highest common divisor of 28 and 99162602?
14
Calculate the highest common factor of 568 and 86113628.
284
Calculate the highest common factor of 126335836 and 44.
44
Calculate the highest common factor of 68620 and 531659.
73
What is the highest common factor of 37661 and 53027?
13
What is the highest common divisor of 6584 and 639312?
8
What is the greatest common divisor of 282596 and 23250?
62
What is the greatest common divisor of 156481556 and 11?
11
Calculate the greatest common factor of 823 and 68634908.
823
What is the highest common factor of 38310212 and 11452?
1636
Calculate the highest common factor of 14526352 and 992.
496
What is the greatest common factor of 29183 and 994224?
77
What is the highest common factor of 32589 and 456317?
71
What is the greatest common divisor of 250838 and 117419449?
5453
What is the highest common factor of 510 and 35965455?
255
What is the greatest common factor of 32130 and 7070130?
1530
Calculate the greatest common divisor of 10023840 and 24768.
288
What is the greatest common factor of 183835249 and 91?
13
Calculate the greatest common divisor of 3459202850 and 50.
50
Calculate the greatest common divisor of 42728 and 65182.
218
What is the highest common factor of 103873 and 869750?
497
Calculate the greatest common divisor of 2169316 and 6148.
116
What is the greatest common factor of 937153 and 14691?
83
Calculate the greatest common divisor of 14639350 and 129.
43
Calculate the greatest common factor of 949 and 13789529.
13
Calculate the highest common factor of 50 and 2176762850.
50
Calculate the highest common factor of 7892632 and 312.
8
What is the greatest common divisor of 13510 and 2604302435?
6755
Calculate the greatest common divisor of 33265925 and 3025.
3025
Calculate the greatest common divisor of 241 and 7594633.
241
Calculate the